{"id":2734,"date":"2025-11-07T13:20:35","date_gmt":"2025-11-07T13:20:35","guid":{"rendered":"https:\/\/eduinnova.med.uchile.cl\/?page_id=2734"},"modified":"2025-11-07T15:05:21","modified_gmt":"2025-11-07T15:05:21","slug":"cuarta-version-de-eduinnovamed","status":"publish","type":"page","link":"https:\/\/eduinnova.med.uchile.cl\/index.php\/cuarta-version-de-eduinnovamed\/","title":{"rendered":"Cuarta Versi\u00f3n de EduInnovaMED"},"content":{"rendered":"\t\t<div data-elementor-type=\"wp-page\" data-elementor-id=\"2734\" class=\"elementor elementor-2734\" data-elementor-post-type=\"page\">\n\t\t\t\t<div class=\"elementor-element elementor-element-4e0d5736 e-flex e-con-boxed elementor-invisible e-con e-parent\" data-id=\"4e0d5736\" data-element_type=\"container\" data-e-type=\"container\" data-settings=\"{&quot;background_background&quot;:&quot;video&quot;,&quot;shape_divider_bottom&quot;:&quot;triangle&quot;,&quot;shape_divider_bottom_negative&quot;:&quot;yes&quot;,&quot;animation&quot;:&quot;fadeIn&quot;,&quot;background_video_link&quot;:&quot;https:\\\/\\\/vimeo.com\\\/1083635426&quot;,&quot;background_play_on_mobile&quot;:&quot;yes&quot;}\">\n\t\t\t\t\t<div class=\"e-con-inner\">\n\t\t<div class=\"elementor-background-video-container\">\n\t\t\t\t\t\t\t<div class=\"elementor-background-video-embed\" role=\"presentation\"><\/div>\n\t\t\t\t\t\t<\/div>\t\t<div class=\"elementor-shape elementor-shape-bottom\" aria-hidden=\"true\" data-negative=\"true\">\n\t\t\t<svg xmlns=\"http:\/\/www.w3.org\/2000\/svg\" viewBox=\"0 0 1000 100\" preserveAspectRatio=\"none\">\n\t<path class=\"elementor-shape-fill\" d=\"M500.2,94.7L0,0v100h1000V0L500.2,94.7z\"\/>\n<\/svg>\t\t<\/div>\n\t\t\t\t<div class=\"elementor-element elementor-element-734bf7a2 elementor-widget__width-initial elementor-widget elementor-widget-heading\" data-id=\"734bf7a2\" data-element_type=\"widget\" data-e-type=\"widget\" data-widget_type=\"heading.default\">\n\t\t\t\t<div class=\"elementor-widget-container\">\n\t\t\t\t\t<h1 class=\"elementor-heading-title elementor-size-default\">Cuarta edici\u00f3n de EduInnovaMED<\/h1>\t\t\t\t<\/div>\n\t\t\t\t<\/div>\n\t\t\t\t<div class=\"elementor-element elementor-element-61d880b7 elementor-widget__width-initial elementor-widget elementor-widget-text-editor\" data-id=\"61d880b7\" data-element_type=\"widget\" data-e-type=\"widget\" data-widget_type=\"text-editor.default\">\n\t\t\t\t<div class=\"elementor-widget-container\">\n\t\t\t\t\t\t\t\t\t<p><b>Un Espacio de Encuentro en Educaci\u00f3n e Innovaci\u00f3n en Ciencias de la Salud<\/b><\/p>\t\t\t\t\t\t\t\t<\/div>\n\t\t\t\t<\/div>\n\t\t\t\t\t<\/div>\n\t\t\t\t<\/div>\n\t\t<div class=\"elementor-element elementor-element-245279be e-flex e-con-boxed e-con e-parent\" data-id=\"245279be\" data-element_type=\"container\" data-e-type=\"container\">\n\t\t\t\t\t<div class=\"e-con-inner\">\n\t\t\t\t<div class=\"elementor-element elementor-element-22916ec3 elementor-widget elementor-widget-menu-anchor\" data-id=\"22916ec3\" data-element_type=\"widget\" data-e-type=\"widget\" data-widget_type=\"menu-anchor.default\">\n\t\t\t\t<div class=\"elementor-widget-container\">\n\t\t\t\t\t\t\t<div class=\"elementor-menu-anchor\" id=\"SobreEdu\"><\/div>\n\t\t\t\t\t\t<\/div>\n\t\t\t\t<\/div>\n\t\t<div class=\"elementor-element elementor-element-46356da3 e-con-full e-flex elementor-invisible e-con e-child\" data-id=\"46356da3\" data-element_type=\"container\" data-e-type=\"container\" data-settings=\"{&quot;background_background&quot;:&quot;classic&quot;,&quot;animation&quot;:&quot;slideInLeft&quot;,&quot;animation_delay&quot;:100,&quot;animation_mobile&quot;:&quot;fadeIn&quot;}\">\n\t\t\t\t<div class=\"elementor-element elementor-element-9f57a5f elementor-widget elementor-widget-image\" data-id=\"9f57a5f\" data-element_type=\"widget\" data-e-type=\"widget\" data-settings=\"{&quot;_animation&quot;:&quot;none&quot;}\" data-widget_type=\"image.default\">\n\t\t\t\t<div class=\"elementor-widget-container\">\n\t\t\t\t\t\t\t\t\t\t\t\t\t\t\t<img fetchpriority=\"high\" decoding=\"async\" width=\"725\" height=\"1024\" src=\"https:\/\/eduinnova.med.uchile.cl\/wp-content\/uploads\/2025\/07\/Cuarta-Edicion-EduInnova-2025_design-FRONT-copia-3-725x1024.png\" class=\"attachment-large size-large wp-image-2689\" alt=\"\" srcset=\"https:\/\/eduinnova.med.uchile.cl\/wp-content\/uploads\/2025\/07\/Cuarta-Edicion-EduInnova-2025_design-FRONT-copia-3-725x1024.png 725w, https:\/\/eduinnova.med.uchile.cl\/wp-content\/uploads\/2025\/07\/Cuarta-Edicion-EduInnova-2025_design-FRONT-copia-3-212x300.png 212w, https:\/\/eduinnova.med.uchile.cl\/wp-content\/uploads\/2025\/07\/Cuarta-Edicion-EduInnova-2025_design-FRONT-copia-3-768x1085.png 768w, https:\/\/eduinnova.med.uchile.cl\/wp-content\/uploads\/2025\/07\/Cuarta-Edicion-EduInnova-2025_design-FRONT-copia-3-1087x1536.png 1087w, https:\/\/eduinnova.med.uchile.cl\/wp-content\/uploads\/2025\/07\/Cuarta-Edicion-EduInnova-2025_design-FRONT-copia-3.png 1241w\" sizes=\"(max-width: 725px) 100vw, 725px\" \/>\t\t\t\t\t\t\t\t\t\t\t\t\t\t\t<\/div>\n\t\t\t\t<\/div>\n\t\t\t\t<\/div>\n\t\t<div class=\"elementor-element elementor-element-2c1bd559 e-con-full e-flex elementor-invisible e-con e-child\" data-id=\"2c1bd559\" data-element_type=\"container\" data-e-type=\"container\" data-settings=\"{&quot;animation&quot;:&quot;slideInRight&quot;,&quot;animation_delay&quot;:100,&quot;animation_mobile&quot;:&quot;fadeIn&quot;}\">\n\t\t\t\t<div class=\"elementor-element elementor-element-18fd741e elementor-widget elementor-widget-text-editor\" data-id=\"18fd741e\" data-element_type=\"widget\" data-e-type=\"widget\" data-widget_type=\"text-editor.default\">\n\t\t\t\t<div class=\"elementor-widget-container\">\n\t\t\t\t\t\t\t\t\t<p><span style=\"font-weight: 400;\">Entre el <\/span><b>28 de julio y el 1 de agosto<\/b><span style=\"font-weight: 400;\">, se llev\u00f3 a cabo la <\/span><b>cuarta versi\u00f3n de EduInnovaMED<\/b><span style=\"font-weight: 400;\">, Semana de Innovaci\u00f3n Educativa en Ciencias de la Salud de la Facultad de Medicina de la Universidad de Chile.<\/span><\/p><p><span style=\"font-weight: 400;\">Durante tres jornadas de actividades, el encuentro volvi\u00f3 a consolidarse como un espacio de <\/span><b>colaboraci\u00f3n, aprendizaje y reflexi\u00f3n<\/b><span style=\"font-weight: 400;\"> sobre los desaf\u00edos actuales de la formaci\u00f3n en salud.<\/span><\/p>\t\t\t\t\t\t\t\t<\/div>\n\t\t\t\t<\/div>\n\t\t\t\t<\/div>\n\t\t\t\t\t<\/div>\n\t\t\t\t<\/div>\n\t\t<div class=\"elementor-element elementor-element-51c7830 e-flex e-con-boxed e-con e-parent\" data-id=\"51c7830\" data-element_type=\"container\" data-e-type=\"container\">\n\t\t\t\t\t<div class=\"e-con-inner\">\n\t\t<div class=\"elementor-element elementor-element-6e3bfe0 e-con-full e-flex e-con e-child\" data-id=\"6e3bfe0\" data-element_type=\"container\" data-e-type=\"container\">\n\t\t\t\t<div class=\"elementor-element elementor-element-33cfaefc elementor-widget elementor-widget-text-editor\" data-id=\"33cfaefc\" data-element_type=\"widget\" data-e-type=\"widget\" data-widget_type=\"text-editor.default\">\n\t\t\t\t<div class=\"elementor-widget-container\">\n\t\t\t\t\t\t\t\t\t<p><span style=\"font-weight: 400;\">En esta edici\u00f3n se desarrollaron <\/span><b>28 actividades<\/b><span style=\"font-weight: 400;\"> que abordaron temas tan diversos como el uso de herramientas de <\/span><b>inteligencia artificial (ChatGPT, Gemini y otras plataformas)<\/b><span style=\"font-weight: 400;\">, talleres pr\u00e1cticos sobre IA generativa y espacios dedicados a la innovaci\u00f3n pedag\u00f3gica desde la <\/span><b>Oficina de IA en Educaci\u00f3n en Salud<\/b><span style=\"font-weight: 400;\">.<\/span><\/p>\t\t\t\t\t\t\t\t<\/div>\n\t\t\t\t<\/div>\n\t\t\t\t<\/div>\n\t\t<div class=\"elementor-element elementor-element-dfad51c e-con-full e-flex e-con e-child\" data-id=\"dfad51c\" data-element_type=\"container\" data-e-type=\"container\">\n\t\t\t\t<div class=\"elementor-element elementor-element-675191ee elementor-widget__width-initial elementor-widget elementor-widget-image\" data-id=\"675191ee\" data-element_type=\"widget\" data-e-type=\"widget\" data-settings=\"{&quot;_animation&quot;:&quot;none&quot;}\" data-widget_type=\"image.default\">\n\t\t\t\t<div class=\"elementor-widget-container\">\n\t\t\t\t\t\t\t\t\t\t\t\t\t\t\t<img decoding=\"async\" width=\"800\" height=\"600\" src=\"https:\/\/eduinnova.med.uchile.cl\/wp-content\/uploads\/2025\/11\/DJI_20250401_143701_845-1024x768.jpg\" class=\"attachment-large size-large wp-image-2754\" alt=\"\" srcset=\"https:\/\/eduinnova.med.uchile.cl\/wp-content\/uploads\/2025\/11\/DJI_20250401_143701_845-1024x768.jpg 1024w, https:\/\/eduinnova.med.uchile.cl\/wp-content\/uploads\/2025\/11\/DJI_20250401_143701_845-300x225.jpg 300w, https:\/\/eduinnova.med.uchile.cl\/wp-content\/uploads\/2025\/11\/DJI_20250401_143701_845-768x576.jpg 768w, https:\/\/eduinnova.med.uchile.cl\/wp-content\/uploads\/2025\/11\/DJI_20250401_143701_845-1536x1152.jpg 1536w, https:\/\/eduinnova.med.uchile.cl\/wp-content\/uploads\/2025\/11\/DJI_20250401_143701_845-2048x1536.jpg 2048w\" sizes=\"(max-width: 800px) 100vw, 800px\" \/>\t\t\t\t\t\t\t\t\t\t\t\t\t\t\t<\/div>\n\t\t\t\t<\/div>\n\t\t\t\t<\/div>\n\t\t\t\t\t<\/div>\n\t\t\t\t<\/div>\n\t\t<div class=\"elementor-element elementor-element-824676d e-flex e-con-boxed e-con e-parent\" data-id=\"824676d\" data-element_type=\"container\" data-e-type=\"container\">\n\t\t\t\t\t<div class=\"e-con-inner\">\n\t\t<div class=\"elementor-element elementor-element-e47bd79 e-con-full e-flex e-con e-child\" data-id=\"e47bd79\" data-element_type=\"container\" data-e-type=\"container\">\n\t\t\t\t<div class=\"elementor-element elementor-element-c1b24b2 elementor-widget elementor-widget-text-editor\" data-id=\"c1b24b2\" data-element_type=\"widget\" data-e-type=\"widget\" data-widget_type=\"text-editor.default\">\n\t\t\t\t<div class=\"elementor-widget-container\">\n\t\t\t\t\t\t\t\t\t<p><span style=\"font-weight: 400;\">El programa cont\u00f3 con la participaci\u00f3n de <\/span><b>26 acad\u00e9micos y acad\u00e9micas expositores<\/b><span style=\"font-weight: 400;\">, quienes compartieron experiencias y proyectos de transformaci\u00f3n educativa tanto de nuestra Facultad como de otras instituciones nacionales e internacionales.<\/span><\/p><p><span style=\"font-weight: 400;\">Gracias a su formato <\/span><b>presencial y online<\/b><span style=\"font-weight: 400;\">, EduInnovaMED logr\u00f3 ampliar su alcance, reuniendo a <\/span><b>m\u00e1s de 700 asistentes<\/b><span style=\"font-weight: 400;\"> de <\/span><b>Chile y otros pa\u00edses de Am\u00e9rica Latina y el Caribe<\/b><span style=\"font-weight: 400;\">, fortaleciendo as\u00ed una comunidad regional comprometida con la innovaci\u00f3n docente.<\/span><\/p>\t\t\t\t\t\t\t\t<\/div>\n\t\t\t\t<\/div>\n\t\t\t\t<\/div>\n\t\t<div class=\"elementor-element elementor-element-1b6a75f e-con-full e-flex e-con e-child\" data-id=\"1b6a75f\" data-element_type=\"container\" data-e-type=\"container\">\n\t\t\t\t<div class=\"elementor-element elementor-element-f7ca7ad elementor-widget elementor-widget-video\" data-id=\"f7ca7ad\" data-element_type=\"widget\" data-e-type=\"widget\" data-settings=\"{&quot;video_type&quot;:&quot;hosted&quot;,&quot;autoplay&quot;:&quot;yes&quot;,&quot;mute&quot;:&quot;yes&quot;,&quot;loop&quot;:&quot;yes&quot;,&quot;controls&quot;:&quot;yes&quot;}\" data-widget_type=\"video.default\">\n\t\t\t\t<div class=\"elementor-widget-container\">\n\t\t\t\t\t\t\t<div class=\"e-hosted-video elementor-wrapper elementor-open-inline\">\n\t\t\t\t\t<video class=\"elementor-video\" src=\"https:\/\/eduinnova.med.uchile.cl\/wp-content\/uploads\/2025\/11\/DJI_20250401_143943_393_video.mp4\" autoplay=\"\" loop=\"\" controls=\"\" muted=\"muted\" controlsList=\"nodownload\"><\/video>\n\t\t\t\t<\/div>\n\t\t\t\t\t\t<\/div>\n\t\t\t\t<\/div>\n\t\t\t\t<\/div>\n\t\t<div class=\"elementor-element elementor-element-c868691 e-con-full e-flex e-con e-child\" data-id=\"c868691\" data-element_type=\"container\" data-e-type=\"container\">\n\t\t\t\t<div class=\"elementor-element elementor-element-6fe391e elementor-widget elementor-widget-text-editor\" data-id=\"6fe391e\" data-element_type=\"widget\" data-e-type=\"widget\" data-widget_type=\"text-editor.default\">\n\t\t\t\t<div class=\"elementor-widget-container\">\n\t\t\t\t\t\t\t\t\t<p><span style=\"font-weight: 400;\">M\u00e1s all\u00e1 de las actividades, esta nueva versi\u00f3n reafirm\u00f3 que <\/span><b>la innovaci\u00f3n en educaci\u00f3n se construye colectivamente<\/b><span style=\"font-weight: 400;\">. Cada conversaci\u00f3n, presentaci\u00f3n y taller contribuy\u00f3 a generar redes y aprendizajes que seguir\u00e1n impulsando la mejora continua en la ense\u00f1anza de las ciencias de la salud.<\/span><\/p><p><span style=\"font-weight: 400;\">Agradecemos a todos quienes hicieron posible esta cuarta versi\u00f3n \u2014expositores, equipos de apoyo y participantes\u2014 por su entusiasmo y compromiso con la transformaci\u00f3n educativa.<\/span><\/p>\t\t\t\t\t\t\t\t<\/div>\n\t\t\t\t<\/div>\n\t\t\t\t<\/div>\n\t\t\t\t\t<\/div>\n\t\t\t\t<\/div>\n\t\t<div class=\"elementor-element elementor-element-caa8d6b e-flex e-con-boxed e-con e-parent\" data-id=\"caa8d6b\" data-element_type=\"container\" data-e-type=\"container\">\n\t\t\t\t\t<div class=\"e-con-inner\">\n\t\t<div class=\"elementor-element elementor-element-b6bef36 e-con-full e-flex e-con e-child\" data-id=\"b6bef36\" data-element_type=\"container\" data-e-type=\"container\">\n\t\t\t\t<div class=\"elementor-element elementor-element-5eac8a8 elementor-widget elementor-widget-image\" data-id=\"5eac8a8\" data-element_type=\"widget\" data-e-type=\"widget\" data-widget_type=\"image.default\">\n\t\t\t\t<div class=\"elementor-widget-container\">\n\t\t\t\t\t\t\t\t\t\t\t\t\t\t\t<img decoding=\"async\" width=\"1200\" height=\"1600\" src=\"https:\/\/eduinnova.med.uchile.cl\/wp-content\/uploads\/2025\/11\/c1add48d-06ce-4440-839a-e45b8406ebc3.jpg\" class=\"attachment-2048x2048 size-2048x2048 wp-image-2760\" alt=\"\" srcset=\"https:\/\/eduinnova.med.uchile.cl\/wp-content\/uploads\/2025\/11\/c1add48d-06ce-4440-839a-e45b8406ebc3.jpg 1200w, https:\/\/eduinnova.med.uchile.cl\/wp-content\/uploads\/2025\/11\/c1add48d-06ce-4440-839a-e45b8406ebc3-225x300.jpg 225w, https:\/\/eduinnova.med.uchile.cl\/wp-content\/uploads\/2025\/11\/c1add48d-06ce-4440-839a-e45b8406ebc3-768x1024.jpg 768w, https:\/\/eduinnova.med.uchile.cl\/wp-content\/uploads\/2025\/11\/c1add48d-06ce-4440-839a-e45b8406ebc3-1152x1536.jpg 1152w\" sizes=\"(max-width: 1200px) 100vw, 1200px\" \/>\t\t\t\t\t\t\t\t\t\t\t\t\t\t\t<\/div>\n\t\t\t\t<\/div>\n\t\t\t\t<\/div>\n\t\t<div class=\"elementor-element elementor-element-22eb40b e-con-full e-flex e-con e-child\" data-id=\"22eb40b\" data-element_type=\"container\" data-e-type=\"container\">\n\t\t\t\t<div class=\"elementor-element elementor-element-f176d99 elementor-widget elementor-widget-image\" data-id=\"f176d99\" data-element_type=\"widget\" data-e-type=\"widget\" data-widget_type=\"image.default\">\n\t\t\t\t<div class=\"elementor-widget-container\">\n\t\t\t\t\t\t\t\t\t\t\t\t\t\t\t<img loading=\"lazy\" decoding=\"async\" width=\"800\" height=\"600\" src=\"https:\/\/eduinnova.med.uchile.cl\/wp-content\/uploads\/2025\/11\/IMG_9927-1024x768.jpg\" class=\"attachment-large size-large wp-image-2761\" alt=\"\" srcset=\"https:\/\/eduinnova.med.uchile.cl\/wp-content\/uploads\/2025\/11\/IMG_9927-1024x768.jpg 1024w, https:\/\/eduinnova.med.uchile.cl\/wp-content\/uploads\/2025\/11\/IMG_9927-300x225.jpg 300w, https:\/\/eduinnova.med.uchile.cl\/wp-content\/uploads\/2025\/11\/IMG_9927-768x576.jpg 768w, https:\/\/eduinnova.med.uchile.cl\/wp-content\/uploads\/2025\/11\/IMG_9927-1536x1152.jpg 1536w, https:\/\/eduinnova.med.uchile.cl\/wp-content\/uploads\/2025\/11\/IMG_9927-2048x1536.jpg 2048w\" sizes=\"(max-width: 800px) 100vw, 800px\" \/>\t\t\t\t\t\t\t\t\t\t\t\t\t\t\t<\/div>\n\t\t\t\t<\/div>\n\t\t\t\t<\/div>\n\t\t\t\t\t<\/div>\n\t\t\t\t<\/div>\n\t\t<div class=\"elementor-element elementor-element-4479dd6 e-flex e-con-boxed e-con e-parent\" data-id=\"4479dd6\" data-element_type=\"container\" data-e-type=\"container\">\n\t\t\t\t\t<div class=\"e-con-inner\">\n\t\t\t\t<div class=\"elementor-element elementor-element-1ff09b7 elementor-widget elementor-widget-spacer\" data-id=\"1ff09b7\" data-element_type=\"widget\" data-e-type=\"widget\" data-widget_type=\"spacer.default\">\n\t\t\t\t<div class=\"elementor-widget-container\">\n\t\t\t\t\t\t\t<div class=\"elementor-spacer\">\n\t\t\t<div class=\"elementor-spacer-inner\"><\/div>\n\t\t<\/div>\n\t\t\t\t\t\t<\/div>\n\t\t\t\t<\/div>\n\t\t\t\t\t<\/div>\n\t\t\t\t<\/div>\n\t\t\t\t<\/div>\n\t\t","protected":false},"excerpt":{"rendered":"<p>Cuarta edici\u00f3n de EduInnovaMED Un Espacio de Encuentro en Educaci\u00f3n e Innovaci\u00f3n en Ciencias de la Salud Entre el 28 de julio y el 1 de agosto, se llev\u00f3 a cabo la cuarta versi\u00f3n de EduInnovaMED, Semana de Innovaci\u00f3n Educativa en Ciencias de la Salud de la Facultad de Medicina de la Universidad de Chile. [&hellip;]<\/p>\n","protected":false},"author":1,"featured_media":0,"parent":0,"menu_order":0,"comment_status":"closed","ping_status":"closed","template":"","meta":{"footnotes":""},"class_list":["post-2734","page","type-page","status-publish","hentry"],"_links":{"self":[{"href":"https:\/\/eduinnova.med.uchile.cl\/index.php\/wp-json\/wp\/v2\/pages\/2734","targetHints":{"allow":["GET"]}}],"collection":[{"href":"https:\/\/eduinnova.med.uchile.cl\/index.php\/wp-json\/wp\/v2\/pages"}],"about":[{"href":"https:\/\/eduinnova.med.uchile.cl\/index.php\/wp-json\/wp\/v2\/types\/page"}],"author":[{"embeddable":true,"href":"https:\/\/eduinnova.med.uchile.cl\/index.php\/wp-json\/wp\/v2\/users\/1"}],"replies":[{"embeddable":true,"href":"https:\/\/eduinnova.med.uchile.cl\/index.php\/wp-json\/wp\/v2\/comments?post=2734"}],"version-history":[{"count":16,"href":"https:\/\/eduinnova.med.uchile.cl\/index.php\/wp-json\/wp\/v2\/pages\/2734\/revisions"}],"predecessor-version":[{"id":2764,"href":"https:\/\/eduinnova.med.uchile.cl\/index.php\/wp-json\/wp\/v2\/pages\/2734\/revisions\/2764"}],"wp:attachment":[{"href":"https:\/\/eduinnova.med.uchile.cl\/index.php\/wp-json\/wp\/v2\/media?parent=2734"}],"curies":[{"name":"wp","href":"https:\/\/api.w.org\/{rel}","templated":true}]}}