{"id":2766,"date":"2025-11-10T15:31:52","date_gmt":"2025-11-10T15:31:52","guid":{"rendered":"https:\/\/eduinnova.med.uchile.cl\/?page_id=2766"},"modified":"2025-12-05T19:07:15","modified_gmt":"2025-12-05T19:07:15","slug":"etica-en-innovacion-educativa","status":"publish","type":"page","link":"https:\/\/eduinnova.med.uchile.cl\/index.php\/etica-en-innovacion-educativa\/","title":{"rendered":"\u00c9tica en Innovaci\u00f3n Educativa"},"content":{"rendered":"\t\t<div data-elementor-type=\"wp-page\" data-elementor-id=\"2766\" class=\"elementor elementor-2766\" data-elementor-post-type=\"page\">\n\t\t\t\t<div class=\"elementor-element elementor-element-187c4083 e-flex e-con-boxed elementor-invisible e-con e-parent\" data-id=\"187c4083\" data-element_type=\"container\" data-e-type=\"container\" data-settings=\"{&quot;background_background&quot;:&quot;classic&quot;,&quot;shape_divider_bottom&quot;:&quot;triangle&quot;,&quot;shape_divider_bottom_negative&quot;:&quot;yes&quot;,&quot;animation&quot;:&quot;fadeIn&quot;}\">\n\t\t\t\t\t<div class=\"e-con-inner\">\n\t\t\t\t<div class=\"elementor-shape elementor-shape-bottom\" aria-hidden=\"true\" data-negative=\"true\">\n\t\t\t<svg xmlns=\"http:\/\/www.w3.org\/2000\/svg\" viewBox=\"0 0 1000 100\" preserveAspectRatio=\"none\">\n\t<path class=\"elementor-shape-fill\" d=\"M500.2,94.7L0,0v100h1000V0L500.2,94.7z\"\/>\n<\/svg>\t\t<\/div>\n\t\t\t\t<div class=\"elementor-element elementor-element-2a33f5ee elementor-widget__width-initial elementor-widget elementor-widget-heading\" data-id=\"2a33f5ee\" data-element_type=\"widget\" data-e-type=\"widget\" data-widget_type=\"heading.default\">\n\t\t\t\t<div class=\"elementor-widget-container\">\n\t\t\t\t\t<h1 class=\"elementor-heading-title elementor-size-default\">Comisi\u00f3n de \u00c9tica para la Innovaci\u00f3n e Investigaci\u00f3n en Educaci\u00f3n en Ciencias de la Salud\n(CEIIE)\n<\/h1>\t\t\t\t<\/div>\n\t\t\t\t<\/div>\n\t\t\t\t\t<\/div>\n\t\t\t\t<\/div>\n\t\t<div class=\"elementor-element elementor-element-b0e716c e-flex e-con-boxed e-con e-parent\" data-id=\"b0e716c\" data-element_type=\"container\" data-e-type=\"container\" data-settings=\"{&quot;background_background&quot;:&quot;classic&quot;}\">\n\t\t\t\t\t<div class=\"e-con-inner\">\n\t\t\t\t<div class=\"elementor-element elementor-element-d0fcda8 elementor-nav-menu--dropdown-tablet elementor-nav-menu__text-align-aside elementor-nav-menu--toggle elementor-nav-menu--burger elementor-widget elementor-widget-nav-menu\" data-id=\"d0fcda8\" data-element_type=\"widget\" data-e-type=\"widget\" data-settings=\"{&quot;layout&quot;:&quot;horizontal&quot;,&quot;submenu_icon&quot;:{&quot;value&quot;:&quot;&lt;svg aria-hidden=\\&quot;true\\&quot; class=\\&quot;e-font-icon-svg e-fas-caret-down\\&quot; viewBox=\\&quot;0 0 320 512\\&quot; xmlns=\\&quot;http:\\\/\\\/www.w3.org\\\/2000\\\/svg\\&quot;&gt;&lt;path d=\\&quot;M31.3 192h257.3c17.8 0 26.7 21.5 14.1 34.1L174.1 354.8c-7.8 7.8-20.5 7.8-28.3 0L17.2 226.1C4.6 213.5 13.5 192 31.3 192z\\&quot;&gt;&lt;\\\/path&gt;&lt;\\\/svg&gt;&quot;,&quot;library&quot;:&quot;fa-solid&quot;},&quot;toggle&quot;:&quot;burger&quot;}\" data-widget_type=\"nav-menu.default\">\n\t\t\t\t<div class=\"elementor-widget-container\">\n\t\t\t\t\t\t\t\t<nav aria-label=\"Menu\" class=\"elementor-nav-menu--main elementor-nav-menu__container elementor-nav-menu--layout-horizontal e--pointer-underline e--animation-fade\">\n\t\t\t\t<ul id=\"menu-1-d0fcda8\" class=\"elementor-nav-menu\"><li class=\"menu-item menu-item-type-custom menu-item-object-custom menu-item-2855\"><a href=\"https:\/\/docs.google.com\/document\/d\/1hLn7Rc2YT58hLox4ZH-hfpyhdsIqn943eAzJGkv0CmE\/edit?usp=sharing\" class=\"elementor-item\">Carta Compromiso \u00c9tico<\/a><\/li>\n<li class=\"menu-item menu-item-type-custom menu-item-object-custom menu-item-2856\"><a href=\"https:\/\/docs.google.com\/document\/d\/1-sHunnURoJJ7QRnVcc7tKjad-jYhylAzrNcZbir5QJQ\/edit?usp=sharing\" class=\"elementor-item\">Modelo de Consentimiento Informado<\/a><\/li>\n<li class=\"menu-item menu-item-type-custom menu-item-object-custom menu-item-2857\"><a href=\"https:\/\/docs.google.com\/document\/d\/1fGzmF1nptbvvk_BU6tsS-zOyyTGrbBcg2gAIyV0jJxk\/edit?usp=sharing\" class=\"elementor-item\">Protocolo \u00c9tico para Investigaci\u00f3n<\/a><\/li>\n<li class=\"menu-item menu-item-type-custom menu-item-object-custom menu-item-2858\"><a href=\"https:\/\/docs.google.com\/document\/d\/1QqxhTBfl8ZqQeQQg-yX8xYPb-m_M6VVm2OQc9lvfZrg\/edit?usp=sharing\" class=\"elementor-item\">Documento Comisi\u00f3n \u00c9tica<\/a><\/li>\n<\/ul>\t\t\t<\/nav>\n\t\t\t\t\t<div class=\"elementor-menu-toggle\" role=\"button\" tabindex=\"0\" aria-label=\"Menu Toggle\" aria-expanded=\"false\">\n\t\t\t<svg aria-hidden=\"true\" role=\"presentation\" class=\"elementor-menu-toggle__icon--open e-font-icon-svg e-eicon-menu-bar\" viewBox=\"0 0 1000 1000\" xmlns=\"http:\/\/www.w3.org\/2000\/svg\"><path d=\"M104 333H896C929 333 958 304 958 271S929 208 896 208H104C71 208 42 237 42 271S71 333 104 333ZM104 583H896C929 583 958 554 958 521S929 458 896 458H104C71 458 42 487 42 521S71 583 104 583ZM104 833H896C929 833 958 804 958 771S929 708 896 708H104C71 708 42 737 42 771S71 833 104 833Z\"><\/path><\/svg><svg aria-hidden=\"true\" role=\"presentation\" class=\"elementor-menu-toggle__icon--close e-font-icon-svg e-eicon-close\" viewBox=\"0 0 1000 1000\" xmlns=\"http:\/\/www.w3.org\/2000\/svg\"><path d=\"M742 167L500 408 258 167C246 154 233 150 217 150 196 150 179 158 167 167 154 179 150 196 150 212 150 229 154 242 171 254L408 500 167 742C138 771 138 800 167 829 196 858 225 858 254 829L496 587 738 829C750 842 767 846 783 846 800 846 817 842 829 829 842 817 846 804 846 783 846 767 842 750 829 737L588 500 833 258C863 229 863 200 833 171 804 137 775 137 742 167Z\"><\/path><\/svg>\t\t<\/div>\n\t\t\t\t\t<nav class=\"elementor-nav-menu--dropdown elementor-nav-menu__container\" aria-hidden=\"true\">\n\t\t\t\t<ul id=\"menu-2-d0fcda8\" class=\"elementor-nav-menu\"><li class=\"menu-item menu-item-type-custom menu-item-object-custom menu-item-2855\"><a href=\"https:\/\/docs.google.com\/document\/d\/1hLn7Rc2YT58hLox4ZH-hfpyhdsIqn943eAzJGkv0CmE\/edit?usp=sharing\" class=\"elementor-item\" tabindex=\"-1\">Carta Compromiso \u00c9tico<\/a><\/li>\n<li class=\"menu-item menu-item-type-custom menu-item-object-custom menu-item-2856\"><a href=\"https:\/\/docs.google.com\/document\/d\/1-sHunnURoJJ7QRnVcc7tKjad-jYhylAzrNcZbir5QJQ\/edit?usp=sharing\" class=\"elementor-item\" tabindex=\"-1\">Modelo de Consentimiento Informado<\/a><\/li>\n<li class=\"menu-item menu-item-type-custom menu-item-object-custom menu-item-2857\"><a href=\"https:\/\/docs.google.com\/document\/d\/1fGzmF1nptbvvk_BU6tsS-zOyyTGrbBcg2gAIyV0jJxk\/edit?usp=sharing\" class=\"elementor-item\" tabindex=\"-1\">Protocolo \u00c9tico para Investigaci\u00f3n<\/a><\/li>\n<li class=\"menu-item menu-item-type-custom menu-item-object-custom menu-item-2858\"><a href=\"https:\/\/docs.google.com\/document\/d\/1QqxhTBfl8ZqQeQQg-yX8xYPb-m_M6VVm2OQc9lvfZrg\/edit?usp=sharing\" class=\"elementor-item\" tabindex=\"-1\">Documento Comisi\u00f3n \u00c9tica<\/a><\/li>\n<\/ul>\t\t\t<\/nav>\n\t\t\t\t\t\t<\/div>\n\t\t\t\t<\/div>\n\t\t\t\t\t<\/div>\n\t\t\t\t<\/div>\n\t\t<div class=\"elementor-element elementor-element-cb36f77 e-flex e-con-boxed e-con e-parent\" data-id=\"cb36f77\" data-element_type=\"container\" data-e-type=\"container\">\n\t\t\t\t\t<div class=\"e-con-inner\">\n\t\t<div class=\"elementor-element elementor-element-8f85cb5 e-con-full e-flex e-con e-child\" data-id=\"8f85cb5\" data-element_type=\"container\" data-e-type=\"container\">\n\t\t\t\t<div class=\"elementor-element elementor-element-83cea39 elementor-widget elementor-widget-text-editor\" data-id=\"83cea39\" data-element_type=\"widget\" data-e-type=\"widget\" data-widget_type=\"text-editor.default\">\n\t\t\t\t<div class=\"elementor-widget-container\">\n\t\t\t\t\t\t\t\t\t<p>La educaci\u00f3n en ciencias de la salud es fundamental para la calidad de la formaci\u00f3n y la salud p\u00fablica. Para su avance, son cruciales la innovaci\u00f3n, la investigaci\u00f3n y la mejora pedag\u00f3gica, que fomentan un aprendizaje cr\u00edtico y generan conocimiento transformador. Recientemente, estas iniciativas han crecido exponencialmente como respuesta a los desaf\u00edos educativos del siglo XXI.<\/p><p>Un impulso clave provino de la Comisi\u00f3n Nacional de Acreditaci\u00f3n (CNA) en 2023. Sus nuevos criterios enfatizan la investigaci\u00f3n e innovaci\u00f3n docente para mejorar el proceso formativo. El Criterio 4 exige a las universidades desarrollar acciones que impacten en lo disciplinar y pedag\u00f3gico, mientras el Criterio 9 de la carrera de medicina promueve espec\u00edficamente la investigaci\u00f3n basada en la experiencia docente.<\/p>\t\t\t\t\t\t\t\t<\/div>\n\t\t\t\t<\/div>\n\t\t\t\t<\/div>\n\t\t<div class=\"elementor-element elementor-element-e920d6b e-con-full e-flex e-con e-child\" data-id=\"e920d6b\" data-element_type=\"container\" data-e-type=\"container\" data-settings=\"{&quot;background_background&quot;:&quot;classic&quot;}\">\n\t\t\t\t<\/div>\n\t\t\t\t\t<\/div>\n\t\t\t\t<\/div>\n\t\t<div class=\"elementor-element elementor-element-11c399f e-flex e-con-boxed e-con e-parent\" data-id=\"11c399f\" data-element_type=\"container\" data-e-type=\"container\">\n\t\t\t\t\t<div class=\"e-con-inner\">\n\t\t<div class=\"elementor-element elementor-element-0429af8 e-con-full e-flex e-con e-child\" data-id=\"0429af8\" data-element_type=\"container\" data-e-type=\"container\" data-settings=\"{&quot;background_background&quot;:&quot;classic&quot;}\">\n\t\t\t\t<\/div>\n\t\t<div class=\"elementor-element elementor-element-6c77edf e-con-full e-flex e-con e-child\" data-id=\"6c77edf\" data-element_type=\"container\" data-e-type=\"container\">\n\t\t\t\t<div class=\"elementor-element elementor-element-4bfb475 elementor-widget elementor-widget-text-editor\" data-id=\"4bfb475\" data-element_type=\"widget\" data-e-type=\"widget\" data-widget_type=\"text-editor.default\">\n\t\t\t\t<div class=\"elementor-widget-container\">\n\t\t\t\t\t\t\t\t\t<p>Para garantizar que estas iniciativas se realicen con riguridad, se ha creado el <strong>Comit\u00e9 de \u00c9tica para la Innovaci\u00f3n e Investigaci\u00f3n en Educaci\u00f3n (EIIE)<\/strong>. Integrado por direcciones y departamentos clave de la facultad, su prop\u00f3sito es establecer un marco \u00e9tico que gu\u00ede estos proyectos. El comit\u00e9 vela por que se alineen con los valores de responsabilidad, transparencia y, primordialmente, el respeto por el bienestar de los estudiantes.<\/p><p>En definitiva, la combinaci\u00f3n de los requisitos de acreditaci\u00f3n y la creaci\u00f3n del comit\u00e9 EIIE refleja un compromiso con una educaci\u00f3n en ciencias de la salud que evolucione de manera excelente, innovadora y, sobre todo, \u00e9tica, asegurando la mejora continua de la formaci\u00f3n profesional.<\/p>\t\t\t\t\t\t\t\t<\/div>\n\t\t\t\t<\/div>\n\t\t\t\t<\/div>\n\t\t\t\t\t<\/div>\n\t\t\t\t<\/div>\n\t\t<div class=\"elementor-element elementor-element-1c010935 e-flex e-con-boxed e-con e-parent\" data-id=\"1c010935\" data-element_type=\"container\" data-e-type=\"container\" id=\"next\">\n\t\t\t\t\t<div class=\"e-con-inner\">\n\t\t\t\t<div class=\"elementor-element elementor-element-4fe43c9 elementor-invisible elementor-widget elementor-widget-heading\" data-id=\"4fe43c9\" data-element_type=\"widget\" data-e-type=\"widget\" data-settings=\"{&quot;_animation&quot;:&quot;fadeInUp&quot;}\" data-widget_type=\"heading.default\">\n\t\t\t\t<div class=\"elementor-widget-container\">\n\t\t\t\t\t<h2 class=\"elementor-heading-title elementor-size-default\">Objetivos<\/h2>\t\t\t\t<\/div>\n\t\t\t\t<\/div>\n\t\t\t\t<div class=\"elementor-element elementor-element-66f43559 elementor-invisible elementor-widget elementor-widget-text-editor\" data-id=\"66f43559\" data-element_type=\"widget\" data-e-type=\"widget\" data-settings=\"{&quot;_animation&quot;:&quot;fadeInUp&quot;}\" data-widget_type=\"text-editor.default\">\n\t\t\t\t<div class=\"elementor-widget-container\">\n\t\t\t\t\t\t\t\t\t<p class=\"ds-markdown-paragraph\">El comit\u00e9 EIIE tiene como objetivo central\u00a0<strong>promover y garantizar la integridad \u00e9tica<\/strong>\u00a0en todas las actividades de innovaci\u00f3n e investigaci\u00f3n educativa de la facultad. Para lograrlo, se propone establecer un\u00a0<strong>marco de acci\u00f3n<\/strong>\u00a0que asegure la aplicaci\u00f3n de\u00a0<strong>pr\u00e1cticas responsables<\/strong>\u00a0en la docencia.<\/p><p class=\"ds-markdown-paragraph\">Todas estas iniciativas se alinean rigurosamente con los valores institucionales de\u00a0<strong>transparencia, responsabilidad y, fundamentalmente, el respeto por el bienestar de los estudiantes.<\/strong><\/p>\t\t\t\t\t\t\t\t<\/div>\n\t\t\t\t<\/div>\n\t\t\t\t<div class=\"elementor-element elementor-element-6e45ffe elementor-widget elementor-widget-html\" data-id=\"6e45ffe\" data-element_type=\"widget\" data-e-type=\"widget\" data-widget_type=\"html.default\">\n\t\t\t\t<div class=\"elementor-widget-container\">\n\t\t\t\t\t<div style=\"width: 100%;\"><div style=\"position: relative; padding-bottom: 25%; padding-top: 0; height: 0;\"><iframe title=\"T\u00edtulo\" frameborder=\"0\" width=\"1200\" height=\"300\" style=\"position: absolute; top: 0; left: 0; width: 100%; height: 100%;\" src=\"https:\/\/view.genially.com\/6912335c1875b12f546ffe78\" type=\"text\/html\"><\/iframe> <\/div> <\/div>\t\t\t\t<\/div>\n\t\t\t\t<\/div>\n\t\t\t\t\t<\/div>\n\t\t\t\t<\/div>\n\t\t<div class=\"elementor-element elementor-element-d2f3943 e-flex e-con-boxed e-con e-parent\" data-id=\"d2f3943\" data-element_type=\"container\" data-e-type=\"container\">\n\t\t\t\t\t<div class=\"e-con-inner\">\n\t\t\t\t<div class=\"elementor-element elementor-element-ce14a67 elementor-invisible elementor-widget elementor-widget-heading\" data-id=\"ce14a67\" data-element_type=\"widget\" data-e-type=\"widget\" data-settings=\"{&quot;_animation&quot;:&quot;fadeInUp&quot;}\" data-widget_type=\"heading.default\">\n\t\t\t\t<div class=\"elementor-widget-container\">\n\t\t\t\t\t<h2 class=\"elementor-heading-title elementor-size-default\">Organizaci\u00f3n y miembros<\/h2>\t\t\t\t<\/div>\n\t\t\t\t<\/div>\n\t\t\t\t<div class=\"elementor-element elementor-element-7c09c4c elementor-invisible elementor-widget elementor-widget-text-editor\" data-id=\"7c09c4c\" data-element_type=\"widget\" data-e-type=\"widget\" data-settings=\"{&quot;_animation&quot;:&quot;fadeInUp&quot;}\" data-widget_type=\"text-editor.default\">\n\t\t\t\t<div class=\"elementor-widget-container\">\n\t\t\t\t\t\t\t\t\t<p><span style=\"font-weight: 400;\">El EIIE depender\u00e1 del Centro de Ense\u00f1anza y Aprendizaje (CEA) de la Facultad de Medicina, y contar\u00e1 con la siguiente estructura del comit\u00e9, cuyos miembros tendr\u00e1n voz y voto (excepto donde se indique lo contrario):<\/span><\/p>\t\t\t\t\t\t\t\t<\/div>\n\t\t\t\t<\/div>\n\t\t\t\t<div class=\"elementor-element elementor-element-a76c9e2 elementor-widget elementor-widget-html\" data-id=\"a76c9e2\" data-element_type=\"widget\" data-e-type=\"widget\" data-widget_type=\"html.default\">\n\t\t\t\t<div class=\"elementor-widget-container\">\n\t\t\t\t\t<div style=\"width: 100%;\"><div style=\"position: relative; padding-bottom: 66.67%; padding-top: 0; height: 0;\"><iframe title=\"Organizaci\u00f3n y miembros\" frameborder=\"0\" width=\"1200\" height=\"800\" style=\"position: absolute; top: 0; left: 0; width: 100%; height: 100%;\" src=\"https:\/\/view.genially.com\/691b76800548728a9decde7e\" type=\"text\/html\" allowscriptaccess=\"always\" allowfullscreen=\"true\" scrolling=\"yes\" allownetworking=\"all\"><\/iframe> <\/div> <\/div>\t\t\t\t<\/div>\n\t\t\t\t<\/div>\n\t\t\t\t\t<\/div>\n\t\t\t\t<\/div>\n\t\t<div class=\"elementor-element elementor-element-84bfda9 e-flex e-con-boxed e-con e-parent\" data-id=\"84bfda9\" data-element_type=\"container\" data-e-type=\"container\">\n\t\t\t\t\t<div class=\"e-con-inner\">\n\t\t\t\t<div class=\"elementor-element elementor-element-0758bdb elementor-invisible elementor-widget elementor-widget-heading\" data-id=\"0758bdb\" data-element_type=\"widget\" data-e-type=\"widget\" data-settings=\"{&quot;_animation&quot;:&quot;fadeInUp&quot;}\" data-widget_type=\"heading.default\">\n\t\t\t\t<div class=\"elementor-widget-container\">\n\t\t\t\t\t<h2 class=\"elementor-heading-title elementor-size-default\">Flujograma<\/h2>\t\t\t\t<\/div>\n\t\t\t\t<\/div>\n\t\t\t\t\t<\/div>\n\t\t\t\t<\/div>\n\t\t<div class=\"elementor-element elementor-element-f02b2a0 e-flex e-con-boxed e-con e-parent\" data-id=\"f02b2a0\" data-element_type=\"container\" data-e-type=\"container\">\n\t\t\t\t\t<div class=\"e-con-inner\">\n\t\t\t\t<div class=\"elementor-element elementor-element-5a8effc elementor-widget elementor-widget-html\" data-id=\"5a8effc\" data-element_type=\"widget\" data-e-type=\"widget\" data-widget_type=\"html.default\">\n\t\t\t\t<div class=\"elementor-widget-container\">\n\t\t\t\t\t<div style=\"position: relative; width: 100%; height: 0; padding-top: 125.0000%;\n padding-bottom: 0; box-shadow: 0 2px 8px 0 rgba(63,69,81,0.16); margin-top: 1.6em; margin-bottom: 0.9em; overflow: hidden;\n border-radius: 8px; will-change: transform;\">\n  <iframe loading=\"lazy\" style=\"position: absolute; width: 100%; height: 100%; top: 0; left: 0; border: none; padding: 0;margin: 0;\"\n    src=\"https:\/\/www.canva.com\/design\/DAG6kXoc07w\/Qpdg7sZGm1Iq4Jkq_Er2cA\/view?embed\" allowfullscreen=\"allowfullscreen\" allow=\"fullscreen\">\n  <\/iframe>\n<\/div>\n<a href=\"https:&#x2F;&#x2F;www.canva.com&#x2F;design&#x2F;DAG6kXoc07w&#x2F;Qpdg7sZGm1Iq4Jkq_Er2cA&#x2F;view?utm_content=DAG6kXoc07w&amp;utm_campaign=designshare&amp;utm_medium=embeds&amp;utm_source=link\" target=\"_blank\" rel=\"noopener\">Grafico Flujograma Etica<\/a> de canvapad\t\t\t\t<\/div>\n\t\t\t\t<\/div>\n\t\t\t\t\t<\/div>\n\t\t\t\t<\/div>\n\t\t<div class=\"elementor-element elementor-element-65e7148 e-flex e-con-boxed e-con e-parent\" data-id=\"65e7148\" data-element_type=\"container\" data-e-type=\"container\">\n\t\t\t\t\t<div class=\"e-con-inner\">\n\t\t\t\t<div class=\"elementor-element elementor-element-2f0f2df elementor-widget elementor-widget-spacer\" data-id=\"2f0f2df\" data-element_type=\"widget\" data-e-type=\"widget\" data-widget_type=\"spacer.default\">\n\t\t\t\t<div class=\"elementor-widget-container\">\n\t\t\t\t\t\t\t<div class=\"elementor-spacer\">\n\t\t\t<div class=\"elementor-spacer-inner\"><\/div>\n\t\t<\/div>\n\t\t\t\t\t\t<\/div>\n\t\t\t\t<\/div>\n\t\t\t\t\t<\/div>\n\t\t\t\t<\/div>\n\t\t\t\t<\/div>\n\t\t","protected":false},"excerpt":{"rendered":"<p>Comisi\u00f3n de \u00c9tica para la Innovaci\u00f3n e Investigaci\u00f3n en Educaci\u00f3n en Ciencias de la Salud (CEIIE) La educaci\u00f3n en ciencias de la salud es fundamental para la calidad de la formaci\u00f3n y la salud p\u00fablica. Para su avance, son cruciales la innovaci\u00f3n, la investigaci\u00f3n y la mejora pedag\u00f3gica, que fomentan un aprendizaje cr\u00edtico y generan [&hellip;]<\/p>\n","protected":false},"author":1,"featured_media":0,"parent":0,"menu_order":0,"comment_status":"closed","ping_status":"closed","template":"elementor_canvas","meta":{"footnotes":""},"class_list":["post-2766","page","type-page","status-publish","hentry"],"_links":{"self":[{"href":"https:\/\/eduinnova.med.uchile.cl\/index.php\/wp-json\/wp\/v2\/pages\/2766","targetHints":{"allow":["GET"]}}],"collection":[{"href":"https:\/\/eduinnova.med.uchile.cl\/index.php\/wp-json\/wp\/v2\/pages"}],"about":[{"href":"https:\/\/eduinnova.med.uchile.cl\/index.php\/wp-json\/wp\/v2\/types\/page"}],"author":[{"embeddable":true,"href":"https:\/\/eduinnova.med.uchile.cl\/index.php\/wp-json\/wp\/v2\/users\/1"}],"replies":[{"embeddable":true,"href":"https:\/\/eduinnova.med.uchile.cl\/index.php\/wp-json\/wp\/v2\/comments?post=2766"}],"version-history":[{"count":51,"href":"https:\/\/eduinnova.med.uchile.cl\/index.php\/wp-json\/wp\/v2\/pages\/2766\/revisions"}],"predecessor-version":[{"id":2891,"href":"https:\/\/eduinnova.med.uchile.cl\/index.php\/wp-json\/wp\/v2\/pages\/2766\/revisions\/2891"}],"wp:attachment":[{"href":"https:\/\/eduinnova.med.uchile.cl\/index.php\/wp-json\/wp\/v2\/media?parent=2766"}],"curies":[{"name":"wp","href":"https:\/\/api.w.org\/{rel}","templated":true}]}}